2 and 5712?
238
Calculate the highest common factor of 718 and 221503.
359
What is the greatest common divisor of 27 and 105813?
27
Calculate the greatest common divisor of 5109668 and 356.
356
What is the highest common divisor of 4334 and 371542?
394
What is the greatest common factor of 555 and 75?
15
What is the greatest common factor of 2756670 and 56?
14
Calculate the greatest common factor of 520 and 390.
130
What is the greatest common factor of 3993 and 8107?
121
Calculate the greatest common divisor of 1127 and 257117.
161
Calculate the highest common factor of 17 and 985099.
17
What is the highest common divisor of 1853 and 5219?
17
Calculate the greatest common divisor of 174 and 1237923.
87
Calculate the highest common divisor of 1863215 and 2225.
445
Calculate the greatest common factor of 48 and 2838.
6
What is the highest common divisor of 38107 and 106?
53
What is the highest common divisor of 169332 and 34113?
411
Calculate the highest common divisor of 3622 and 780541.
1811
Calculate the highest common divisor of 1953 and 83142.
279
What is the highest common factor of 2225 and 24425?
25
What is the highest common divisor of 1 and 12527?
1
What is the greatest common factor of 20650905 and 495?
495
What is the greatest common divisor of 51251 and 57053?
967
Calculate the highest common factor of 6497 and 3431.
73
What is the greatest common factor of 540 and 6060?
60
What is the greatest common factor of 7252 and 370?
74
What is the greatest common divisor of 398 and 56317?
199
What is the highest common factor of 566 and 1176431?
283
What is the highest common factor of 1958005 and 175?
35
Calculate the greatest common divisor of 416 and 676208.
208
What is the greatest common divisor of 1524 and 708?
12
Calculate the highest common divisor of 15914 and 5014.
218
Calculate the highest common divisor of 80333 and 1474.
737
Calculate the greatest common factor of 596115 and 585.
585
What is the greatest common divisor of 112000 and 20125?
875
What is the greatest common divisor of 4706233 and 811?
811
What is the greatest common factor of 513484 and 620?
124
What is the greatest common factor of 3430 and 2128658?
686
Calculate the highest common factor of 48389 and 371.
53
Calculate the greatest common factor of 16 and 309896.
8
What is the greatest common factor of 53 and 125451?
53
What is the greatest common factor of 12772 and 68804?
412
Calculate the greatest common factor of 155273 and 46.
23
Calculate the greatest common divisor of 785 and 1280021.
157
Calculate the greatest common factor of 90094 and 11021.
107
What is the greatest common factor of 1353696 and 478?
478
Calculate the greatest common factor of 284826 and 6.
6
Calculate the greatest common divisor of 867 and 102.
51
What is the greatest common factor of 152 and 6118?
38
What is the greatest common divisor of 63 and 613221?
21
What is the highest common divisor of 1872 and 162396?
468
Calculate the highest common divisor of 1295118 and 22.
22
Calculate the highest common factor of 12905 and 841.
29
What is the highest common factor of 5925 and 400?
25
What is the greatest common divisor of 4578 and 645171?
327
What is the highest common divisor of 5601843 and 381?
381
Calculate the greatest common divisor of 37450 and 1050.
350
What is the highest common factor of 3805 and 1044853?
761
Calculate the highest common divisor of 1847874 and 168.
42
Calculate the greatest common factor of 218728 and 95.
19
Calculate the highest common divisor of 6425 and 4600.
25
What is the greatest common factor of 61239 and 173436?
447
Calculate the greatest common divisor of 175980 and 252.
84
Calculate the greatest common divisor of 85 and 188870.
85
What is the greatest common divisor of 112 and 719792?
16
Calculate the highest common divisor of 666 and 381766.
74
What is the highest common divisor of 482 and 2791262?
482
Calculate the greatest common factor of 196 and 108164.
28
Calculate the highest common divisor of 544029 and 205.
41
Calculate the highest common divisor of 4230 and 8730.
90
Calculate the highest common factor of 29283 and 3827.
43
What is the highest common divisor of 643388 and 3824?
956
Calculate the highest common divisor of 23 and 2776997.
23
What is the highest common divisor of 98860 and 3620?
20
Calculate the greatest common factor of 314 and 6579556.
314
Calculate the highest common factor of 9557 and 106133.
503
What is the highest common divisor of 675 and 66555?
135
Calculate the greatest common factor of 19292 and 390.
26
What is the greatest common factor of 20604 and 5916?
204
Calculate the greatest common divisor of 2629 and 121.
11
Calculate the greatest common factor of 4644 and 92493.
387
What is the highest common factor of 387368 and 3608?
328
Calculate the greatest common divisor of 108 and 1706.
2
What is the highest common factor of 227590 and 50?
10
Calculate the highest common divisor of 95944 and 152.
8
What is the highest common divisor of 1605749 and 1047?
349
Calculate the greatest common divisor of 59070 and 990.
330
Calculate the highest common divisor of 15853 and 1.
1
What is the highest common factor of 15899 and 65?
13
What is the highest common factor of 358 and 152?
2
What is the greatest common factor of 7227 and 462?
33
Calculate the greatest common divisor of 5970 and 830.
10
Calculate the greatest common divisor of 450 and 5275.
25
Calculate the highest common factor of 15147 and 243.
81
What is the highest common factor of 29034 and 198?
18
What is the highest common divisor of 10000 and 25?
25
Calculate the greatest common divisor of 6298 and 614926.
134
Calculate the greatest common divisor of 36049 and 377.
13
Calculate the greatest common divisor of 113 and 401941.
113
Calculate the greatest common factor of 318 and 23162484.
318
Calculate the highest common factor of 270 and 7605.
45
Calculate the greatest common divisor of 1391 and 418049.
107
Calculate the highest common divisor of 354 and 26078.
118
What is the greatest common factor of 84 and 101836?
28
What is the highest common divisor of 1766 and 878?
2
What is the greatest common factor of 7 and 52087?
7
What is the greatest common factor of 154244 and 28?
4
Calculate the greatest common divisor of 3020 and 1140.
20
Calculate the greatest common factor of 5625 and 117.
9
What is the greatest common divisor of 18343 and 6539?
13
What is the highest common divisor of 406140 and 3780?
420
Calculate the highest common divisor of 68869 and 61.
61
What is the greatest common factor of 522 and 17604?
18
Calculate the greatest common divisor of 200 and 14840.
40
What is the highest common factor of 59073 and 1746?
291
Calculate the greatest common divisor of 58 and 202942.
58
Calculate the highest common divisor of 21 and 144137.
7
Calculate the greatest common factor of 97 and 86718.
97
Calculate the greatest common factor of 210 and 6965.
35
What is the highest common divisor of 33299 and 21371?
497
Calculate the greatest common factor of 5739736 and 592.
296
What is the highest common factor of 415970 and 20?
10
Calculate the highest common factor of 26336 and 32.
32
What is the greatest common divisor of 37928 and 96?
8
Calculate the greatest common divisor of 26240 and 232060.
820
Calculate the highest common divisor of 355362 and 84.
42
What is the greatest common divisor of 2224470 and 30?
30
What is the highest common factor of 6256 and 78798?
46
What is the highest common factor of 362869 and 39?
13
Calculate the greatest common factor of 69 and 267191.
23
Calculate the highest common divisor of 37 and 6649529.
37
What is the highest common factor of 624 and 3504?
48
Calculate the greatest common factor of 9703 and 837.
31
Calculate the highest common factor of 35658 and 2772.
126
What is the highest common factor of 3505575 and 125?
25
Calculate the highest common factor of 185 and 1566247.
37
Calculate the highest common divisor of 140 and 10444.
28
Calculate the highest common factor of 2086908 and 12.
12
What is the highest common factor of 437 and 15433?
23
What is the highest common divisor of 1080 and 4460?
20
What is the greatest common divisor of 324 and 5376?
12
Calculate the greatest common divisor of 131 and 7729.
131
What is th